93 a factor of 5314113?
True
Is 1429016 a multiple of 17?
False
Does 34 divide 499086?
True
Is 397980 a multiple of 110?
True
Is 2106531 a multiple of 1153?
True
Is 69 a factor of 3826045?
False
Is 218 a factor of 63656?
True
Is 784 a factor of 11227664?
True
Is 3703 a multiple of 161?
True
Does 11 divide 181313?
True
Is 3809987 a multiple of 31?
False
Is 44 a factor of 884840?
True
Does 3 divide 649612?
False
Is 26 a factor of 4245527?
False
Does 56 divide 2896826?
False
Is 108528 a multiple of 136?
True
Is 1230545 even?
False
Is 389701 a multiple of 93?
False
Is 156534 a multiple of 7?
True
Is 87852 a multiple of 12?
True
Is 5184972 a multiple of 18?
True
Is 1526419 a multiple of 13?
False
Is 3139695 a multiple of 117?
True
Is 17355252 a multiple of 595?
False
Is 388929 a multiple of 101?
False
Does 305 divide 46738?
False
Is 645 a factor of 863010?
True
Does 3 divide 308277?
True
Does 15 divide 199491?
False
Does 520 divide 14961084?
False
Is 221 a factor of 86038?
False
Does 561 divide 3493908?
True
Does 95 divide 2123535?
True
Is 667338 a multiple of 14?
True
Is 52 a factor of 462644?
True
Is 3470951 a multiple of 14?
False
Is 5 a factor of 12935?
True
Is 17240698 a multiple of 145?
False
Is 327 a factor of 1103700?
False
Does 35 divide 1121540?
True
Is 3312924 a multiple of 12?
True
Does 15 divide 840720?
True
Does 303 divide 3495818?
False
Is 28 a factor of 525379?
False
Is 316 a factor of 5739192?
True
Is 9406824 a multiple of 152?
True
Is 2347370 a multiple of 530?
True
Is 59 a factor of 2910755?
False
Is 15 a factor of 491?
False
Does 15 divide 1620911?
False
Is 1398 a factor of 4470624?
False
Is 489785 a multiple of 8?
False
Is 11415 a multiple of 2?
False
Is 107212 a multiple of 39?
False
Is 11 a factor of 565092?
True
Does 5 divide 506210?
True
Does 100 divide 778200?
True
Does 7 divide 9967720?
True
Does 107 divide 864453?
True
Does 12 divide 359940?
True
Does 462 divide 151074?
True
Is 20 a factor of 663740?
True
Does 38 divide 622117?
False
Does 23 divide 5875856?
True
Does 191 divide 5811939?
True
Is 143 a factor of 2226367?
True
Is 164912 a multiple of 176?
True
Is 117 a factor of 1768104?
True
Is 1975257 a multiple of 2173?
True
Does 13 divide 347139?
True
Is 24 a factor of 1584972?
False
Does 9 divide 183610?
False
Does 16 divide 233632?
True
Does 7 divide 9967106?
False
Is 355 a factor of 1554545?
True
Does 13 divide 1396?
False
Does 384 divide 39552?
True
Does 6 divide 54701?
False
Does 11 divide 185190?
False
Does 189 divide 2573235?
True
Is 131 a factor of 152091?
True
Is 15480 a multiple of 860?
True
Is 4449536 a multiple of 104?
True
Is 374 a factor of 2661215?
False
Is 944 a factor of 8451233?
False
Is 17 a factor of 2499?
True
Is 8856259 a multiple of 67?
False
Is 6 a factor of 731762?
False
Does 33 divide 7333425?
True
Is 31 a factor of 1331748?
False
Is 548196 a multiple of 33?
True
Is 144 a factor of 139824?
True
Is 630661 a multiple of 577?
True
Is 41 a factor of 116?
False
Does 59 divide 62092?
False
Does 18 divide 70117?
False
Does 43 divide 1850247?
True
Does 12 divide 163968?
True
Is 1331935 a multiple of 11?
True
Is 8 a factor of 1179576?
True
Does 17 divide 242260?
False
Is 12284887 a multiple of 819?
False
Does 85 divide 4017603?
False
Does 23 divide 658007?
True
Does 586 divide 9244150?
True
Is 224 a factor of 878431?
False
Is 23 a factor of 14613678?
False
Is 301 a factor of 22021815?
False
Is 5628257 a multiple of 51?
False
Does 80 divide 1683259?
False
Does 9 divide 47999?
False
Is 6056731 a multiple of 16?
False
Is 72 a factor of 691704?
True
Does 15 divide 25885?
False
Is 11 a factor of 2901030?
True
Does 39 divide 7396350?
True
Is 229723 a multiple of 13?
True
Does 356 divide 1933792?
True
Is 1703 a factor of 27479608?
True
Does 336 divide 937776?
True
Is 179495 a multiple of 15?
False
Is 157569 a multiple of 167?
False
Is 12 a factor of 477315?
False
Is 609448 a multiple of 21?
False
Is 12200004 a multiple of 747?
True
Is 14 a factor of 80136?
True
Does 10 divide 644198?
False
Does 108 divide 4950900?
False
Is 18 a factor of 24501?
False
Does 242 divide 205198?
False
Is 78915 a multiple of 157?
False
Does 39 divide 128338?
False
Is 65076 a multiple of 29?
True
Does 17 divide 11931810?
False
Does 44 divide 99484?
True
Does 39 divide 103978?
False
Is 76202 a multiple of 9?
False
Is 6 a factor of 78243?
False
Is 177660 a multiple of 188?
True
Is 32 a factor of 308704?
True
Does 1400 divide 862400?
True
Does 17 divide 12207139?
True
Is 56 a factor of 533064?
True
Is 8 a factor of 10467552?
True
Is 10 a factor of 278080?
True
Does 2188 divide 11870506?
False
Is 203 a factor of 1877827?
False
Is 181 a factor of 5238140?
True
Does 7 divide 575778?
True
Is 43 a factor of 517269?
False
Is 141172 a multiple of 58?
True
Is 18 a factor of 552566?
False
Is 2274172 a multiple of 4?
True
Is 439660 a multiple of 62?
False
Is 3833060 a multiple of 95?
True
Is 59 a factor of 155406?
True
Is 304301 a multiple of 252?
False
Does 241 divide 3313027?
True
Is 576 a multiple of 24?
True
Does 28 divide 1107622?
False
Is 996380 a multiple of 35?
True
Is 511 a factor of 6734980?
True
Does 56 divide 4128712?
True
Is 2465120 a multiple of 155?
True
Is 129948 a multiple of 14?
True
Does 4 divide 558220?
True
Is 2973820 a multiple of 26?
False
Is 1134250 a multiple of 325?
True
Is 38 a factor of 1753434?
True
Is 41 a factor of 1267023?
True
Is 1538555 a multiple of 25?
False
Is 132768 a multiple of 32?
True
Does 44 divide 24244?
True
Is 28981 a multiple of 22?
False
Is 130 a factor of 6517680?
True
Does 542 divide 1003237?
False
Is 277111 a multiple of 333?
False
Is 29 a factor of 2690997?
True
Does 54 divide 168797?
False
Is 12925042 a multiple of 8?
False
Is 930228 a multiple of 32?
False
Is 30819 a multiple of 69?
False
Is 446974 a multiple of 124?
False
Is 211 a factor of 278520?
True
Is 28977 a multiple of 23?
False
Does 13 divide 18334099?
False
Is 14730 a multiple of 125?
False
Is 1776792 a multiple of 45?
False
Is 1444548 a multiple of 29?
True
Does 17 divide 178194?
True
Does 33 divide 379819?
False
Does 722 divide 2287798?
False
Does 98 divide 32030?
False
Does 28 divide 2653784?
True
Does 7 divide 86597?
True
Does 200 divide 527354?
False
Does 204 divide 1566455?
False
Does 20 divide 4520313?
False
Is 522696 a multiple of 8?
True
Is 23679010 a multiple of 102?
False
Is 2 a factor of 367361?
False
Is 15551646 a multiple of 2073?
True
Does 604 divide 7011232?
True
Does 133 divide 153881?
True
Is 69782 a multiple of 78?
False
Is 42 a factor of 16839157?
False
Is 47 a factor of 19661742?
False
Does 404 divide 2929551?
False
Is 42 a factor of 980364?
True
Does 348 divide 1516932?
True
Is 235047 a multiple of 29?
False
Does 416 divide 388544?
True
Does 102 divide 4116131?
False
Is 50964 a multiple of 62?
True
Is 676 a factor of 13772650?
False
Does 41 divide 574041?
True
Is 128820 a multiple of 79?
False
Is 152958 a multiple of 39?
True
Is 1956672 a multiple of 86?
True
Does 43 divide 716723?
False
Does 18 divide 6236335?
False
Does 29 divide 259376?
True
Is 23 a factor of 309189?
True
Does 642 divide 4187933?
False
Does 21 divide 28518?
True
Is 160026 a multiple of 6?
True
Is 42 a factor of 110586?
True
Is 597927 a multiple of 8?
False
Does 8 divide 1776253?
False
Is 24654629 a multiple of 620?
False
Is 1310469 a multiple of 14?
False
Is 2348009 a multiple of 15?
False
Is 2153880 a multiple of 930?
True
Does 114 divide 9789062?
False
Does 9 divide 14305?
False
Is 18 a factor of 5177849?
False
Is 3020024 even?
True
Does 616 divide 9225834?
False
Is 9 a factor of 240597?
True
Is 2248527 a multiple of 141?
True
Is 5 a factor of 108540?
True
Is 3 a factor of 4161229?
False
Is 27 a factor of 22086?
True
Is 529416 a multiple of 54?
True
Is 1183 a factor of 156450?
False
Is 27 a factor of 3436758?
False
Is 55 a factor of 245135?
True
Does 32 divide 51428?
False
Is 8 a factor of 5432?
True
Does 17 divide 2070107?
True
Is 4298602 a multiple of 1133?
True
Is 36 a factor of 8578332?
True
Is 423551 a multiple of 23?
False
Is 22 a factor of 55110?
True
Is 25 a factor of 95525?
True
Is 10 a factor of 193651?
False
Is 16 a factor of 4608420?
False
Is 6001655 a multiple of 2?
False
Is 163542 a multiple of 7?
False
Is 10969440 a mult